2 + 7*j. Determine n(6).
-6
Let c(t) = 4*t**2 + 5*t + 4. Let l(s) = 3*s**2 + 5*s + 3. Let q(h) = 4*c(h) - 5*l(h). Let g = 8 + -2. Determine q(g).
7
Let s(k) = 2*k - 2 - 5*k + 2*k. What is s(-2)?
0
Let s(g) = g + 3. Let y(o) = o**3 - 14*o**2 + 13*o - 2. Let k be y(13). Give s(k).
1
Let h = 2 + -6. Let x be (6/(-4))/((-3)/h). Let c(d) = 2*d**2. Give c(x).
8
Let d(i) = 2*i + 9 - 2 - 3 - 3*i. Calculate d(0).
4
Let v(c) be the third derivative of c**5/30 + c**4/8 - c**3/2 + c**2. Suppose 3*o - 4*o = 3. What is v(o)?
6
Let i(q) be the first derivative of -q**2 - 3*q + 2. Let j be 0/(-2) - 2*1. Let s be i(j). Let g(p) = -4*p - 1. What is g(s)?
-5
Let c(b) = 3*b - 2. Suppose -22*g - 24 = -28*g. Calculate c(g).
10
Suppose 4*f + 3*z - 69 = 0, f = 4*f + 4*z - 43. Suppose 4 = -5*r - f. Let k(y) = 5 + 3*y + 4*y + 7*y**2 - 6*y**2 + 2. Determine k(r).
-3
Suppose -14 = -2*l + l. Let d = l + -12. Let f(a) = 5*a - 2. What is f(d)?
8
Suppose 3*b + 5 = 5*m, 5*m = b - 0 + 5. Suppose -2*c - 1 - 3 = 0, 2*c - 20 = -4*z. Let g(v) = -2*v - z*v + 0*v. Give g(m).
-8
Suppose 3*p = 3*o - o + 12, 3*p - 12 = -4*o. Let b(l) = -l + 3. What is b(o)?
3
Let l(r) = -r + 3. Let y(d) = -3*d - 1. Let b be y(-1). Suppose 0 = -4*h + b*h + 8. What is l(h)?
-1
Let m(b) be the second derivative of b**6/360 + 7*b**5/120 + b**4/3 + b**3/6 - 4*b. Let n(d) be the second derivative of m(d). Determine n(-6).
2
Let s(u) = -6 + 13 + 2*u - u. Let j be s(-3). Let v(o) = o + 3 + j - 3 - 2. What is v(4)?
6
Let z(g) = g**3 - g**2 - 2*g + 2. Let b be z(2). Let v(m) = 3*m + m**2 + m**3 - 10 - 4*m**2 + 7. Give v(b).
-1
Let b = 6 + -4. Let o = -8 - -4. Let k = o + b. Let s(h) = h**2 + 2*h - 2. What is s(k)?
-2
Let r(v) = -1 - 1 - v**3 - v + 8 + 6*v**2 - 4. What is r(6)?
-4
Let w = 8 + -14. Let v(z) = -z**2 - 6*z - 9. Calculate v(w).
-9
Suppose -4*y + 1 = c, 18 = 5*c + 5*y - 17. Let s(w) = -w**3 + 9*w**2 + 2*w + 13. Calculate s(c).
31
Suppose 4*l - 2*p = -3 + 19, 0 = -3*l + 4*p + 7. Let x(h) = -2*h + 3. Give x(l).
-7
Suppose -o + 6 = 2. Let h(n) = -n**2 + 4*n + 3. Let s be h(o). Suppose 7*k - s*k = -8. Let d(w) = 2*w**2 + 3*w + 1. Calculate d(k).
3
Let b(f) = -3*f**2 - 7*f + 2. Let v be b(-3). Let m(i) be the second derivative of -i**4/12 - i**3/2 - 2*i**2 - i. Determine m(v).
-8
Let k(c) = -c - 6*c**2 + 2*c**2 - 99 - c**3 - c**2 + 104. Let i be 46/(-10) - (-4)/(-10). What is k(i)?
10
Let m(c) = 3*c - 2. Suppose 0 = 5*d - 0*x + x - 8, 0 = d + x. Calculate m(d).
4
Let h be -6*(-5)/30*1. Let r(u) = -2*u + 3*u - 3 + 2. Give r(h).
0
Let j(y) = -y**3 + 3*y + 1 - 3*y**2 + 1 + 2*y**3 - 2*y**2. Determine j(5).
17
Let i(h) = 4*h**2 - 5*h + 13. Let b(u) = 2*u**2 - 3*u + 6. Let t(d) = -5*b(d) + 2*i(d). Determine t(3).
-7
Suppose -2*k - 2*m = -8, 41 - 1 = 5*k - 5*m. Let r(b) = -4*b**2 - 7*b - 5. Let l(c) = c**2 + c + 1. Let q(x) = k*l(x) + r(x). Determine q(2).
7
Let n be -2 + 86/8 - 3/4. Let q(x) = -x**2 + 8*x + 4. What is q(n)?
4
Let p(v) = -v**2 + 1. Let u(c) = -8*c**2 + 7. Suppose 3*a - 2*a + 14 = 0. Let l(y) = a*p(y) + 2*u(y). Calculate l(1).
-2
Let p(f) = 3*f + 1 - 11*f + 2*f + 3*f. What is p(-7)?
22
Let y(c) be the third derivative of 5/24*c**4 - 1/60*c**5 - 1/3*c**3 + 0*c - 2*c**2 + 0. Let h be (6/(-3))/(4/(-10)). Determine y(h).
-2
Let v(y) = 41*y + 48*y - 5 - 90*y. Calculate v(-6).
1
Suppose -5*b + 5*v = 10, 8 = -b - v - 4*v. Let q(d) = -d**2 - d + 3. Determine q(b).
-3
Let j(a) = -6*a - 42. Let i be j(-7). Let x(b) be the second derivative of -3/2*b**2 + 4/3*b**3 + b + i - 1/12*b**4. Calculate x(4).
13
Let a(x) = 4*x**3 - 885 + 885. Calculate a(-1).
-4
Let j(z) = z + 15. Let c be (-1)/(-3) + (-3)/9. Calculate j(c).
15
Let m be 6/21 - 225/(-21). Let w be 10/(-8)*44/m. Let h(b) be the first derivative of -b**4/4 - 4*b**3/3 + 5*b**2/2 - 6*b - 1. Calculate h(w).
-6
Suppose 2*g + 4 = 2. Let v(d) = 16*d**3 - d. What is v(g)?
-15
Let n(f) = 3*f + 2. Suppose -14 = -8*x + 3*x + u, 2*x + 8 = -3*u. Calculate n(x).
8
Let w = -10 + 13. Let m(z) = 6*z + 6*z**2 - w*z**2 - 2*z**2 - 4 + 0. Calculate m(-5).
-9
Let r(u) = -u**2 - 25 - 9*u + 0*u**2 + 26. Give r(-7).
15
Let o(a) = 2 - 7 + 0*a - 3*a. Let k(t) = 16*t + 26. Let q(n) = 2*k(n) + 11*o(n). Let d be (-57)/12 + (-2)/8. What is q(d)?
2
Let g(y) = 10*y**3 - 17*y**2 + 18*y - 10. Let v(u) = -7*u**3 + 11*u**2 - 12*u + 7. Let t(b) = 5*g(b) + 7*v(b). What is t(7)?
-8
Let y(t) = t. Let d(s) = s. Let n(l) = -5*l. Let q(x) = -11*d(x) - 2*n(x). Let c(k) = -2*q(k) - y(k). What is c(4)?
4
Suppose 0 = 4*a - 42 - 70. Suppose 0 = 4*q + 4*k + a, 31 = -5*q - 5*k + 2*k. Let x(d) = -d**2 - 2*d + 2. Give x(q).
-13
Suppose b - 4*s - 14 = 0, b + 2*s = -3*b - 34. Let g(j) = j**3 + 7*j**2 + 7*j + 7. Give g(b).
1
Suppose -5*f = -2*f - 18. Let j(n) = 10*n + 7*n + 10*n - 26*n - 7. Determine j(f).
-1
Let b(n) = n**3 - 4*n**2 - 3*n - 7. Let c be b(5). Suppose 0 = -g - 2 + 4. Let h(r) = -r**g - 3*r + 0*r - 1 + 3*r**2. What is h(c)?
8
Let b(p) = p**3 + 6*p**2 + 6*p + 5. Let f = 10 + -3. Suppose 12*z = f*z - 25. Determine b(z).
0
Let c(y) = y**3 - y**2 + 17. Let j be c(0). Let x = -11 + j. Let i(r) = r - 8. What is i(x)?
-2
Let f(q) = q**3 - 2*q - 2. Let l(w) = 2*w**3 - w**2 - 4*w - 3. Let p(z) = -5*f(z) + 2*l(z). Suppose 0 = 4*j + 1 + 11. Determine p(j).
7
Let b(m) be the third derivative of -m**7/1260 - m**6/720 + m**5/120 + 5*m**4/24 + 2*m**2. Let f(v) be the second derivative of b(v). What is f(1)?
-2
Suppose 6*s = -11 - 19. Let w(r) = -7*r + 1. Let f(y) = -8*y + 2. Let z(v) = 6*f(v) - 7*w(v). Determine z(s).
0
Let m(l) be the second derivative of -2*l**2 - 1/6*l**4 - 6*l + 7/6*l**3 + 0. What is m(4)?
-8
Let l = 63 + -58. Let f(h) = h**3 - 7*h**2 + 4*h + 4. Give f(l).
-26
Suppose 0 = -3*u - 2*u - 5*s - 20, -5*u + 2*s + 15 = 0. Let x(t) = -2*t - u - 2 + 3 - 1. Give x(-4).
7
Suppose 1 + 1 = 2*x. Let y(t) be the first derivative of 15*t**2/2 + t - 42. Determine y(x).
16
Let v(p) = -p**2 - 2*p - 1. Let o(d) = d**3 + 5*d**2 + 8*d + 15. Let h be o(-4). Calculate v(h).
0
Let h(v) = 2*v**2 - 3*v - 4. Let p be h(-2). Let r(k) = p*k - 6*k + 6 - 5*k. Let i(s) = -6*s**3 - s**2 + s + 1. Let m be i(-1). Calculate r(m).
1
Let v be 1/(6/3) + (-35)/10. Let u(f) = f**3 + f**2 - 2*f - 1. Give u(v).
-13
Let c(f) = 51*f - 7*f**3 + 14*f**2 - 51*f - 23. Let m(i) = 4*i**3 - 7*i**2 + 12. Let b(z) = -3*c(z) - 5*m(z). What is b(7)?
9
Suppose 0 = 2*d + 14 + 8. Let o = d + 5. Let b(f) = 2*f + 2. Determine b(o).
-10
Let w(a) = -a**3 - 16*a**2 + 19*a + 33. Let y be w(-17). Let i(r) = 12*r**2 + r. Determine i(y).
11
Let f be ((-6)/5)/(6/15). Let m be (-4)/(f - -2 - -2). Let p(k) = -4*k - k - 5*k**2 - k**3 - 1 - 3. What is p(m)?
0
Let q(n) = n**3 - 3*n**2 - 4*n - 4. Let m be q(4). Let c(v) = v + 4. Let p be c(m). Let l(y) = -y**3 - y**2 - y - 3. What is l(p)?
-3
Let l(r) = 36*r**2 - 20*r**2 - r**3 - 1 - r - 26*r**2 + 0. Give l(-10).
9
Let z(a) = -a**3 - 6*a**2 + a - 3. Suppose 3*c = -8 - 10. Determine z(c).
-9
Let i(k) = k**2 + 4*k + 2. Suppose 1 = -2*o + 5. Let r be o*(-3)/(6/4). Give i(r).
2
Suppose 3*l - 4 = 2*h, -5*h + 8 = -l + 18. Let z(s) = -s**2 - s. Calculate z(l).
0
Let t = 8 + -4. Let d(b) = 3 + 2 - t - 7*b + 5*b. Calculate d(2).
-3
Let u(j) = -j**2 + j - 1 - 7*j - 2*j + 4*j. Calculate u(-5).
-6
Let j(g) = 27 + 0*g - 4*g + 0*g + 15*g**2 - 8. Let r(i) = -7*i**2 + 2*i - 9. Let k(d) = 6*j(d) + 13*r(d). Give k(2).
-3
Suppose 24 = -3*p - p. Let a(j) = j + 2. Give a(p).
-4
Let p be 1 + (4 - 1) + 1. Let b(r) = -3*r - r - p*r**2 + r**3 + 4 + r**2. Let o(k) = 5*k + 50. Let m be o(-9). Determine b(m).
9
Let u = 6 + -7. Let k(q) be the second derivative of q**3/3 + 7*q. Determine k(u).
-2
Let z(v) = v**2. Let y = 31 + -31. Calculate z(y).
0
Let u(y) = -4*y + 3*y + 2*y - 10*y**2. Let d be 2 + (-2)/(1 - 3). Suppose 0 = -4*q + d*i + 10, -3*q = -3*i + i - 7. Determine u(q).
-9
Let j = -27 + 25. Let y(f) = 4*f + 2. Give y(j).
-6
Let m(t) be the third derivative of t**4/24 + t**3/2 - 5*t**2. What is m(-5)?
-2
Let m(j) = -5 + 3*j**2 + 7 + 5*j + 3 - 2*j**2. What is m(-4)?
1
Suppose 2*g - 5*l - 3 = 0, l + 4 = -0*g - 3*g. Let i(w) = 3*w**2 - 2*w - 1. Determine i(g).
4
Let l(q) = 2*q + 1. Let z be -1*(3 - 1)/(2/3). Give l(z).
-5
Let a(t) = -29*t - 30*t + 58*t + 1. Determine a(4).
-3
Let v(a) be the second derivative of -3/2*a**2 - 1/6*a*